[INFO] fetching crate netinfo 0.5.1...
[INFO] checking netinfo-0.5.1 against try#72f88fc4e9458f89516a0b8b0868f3718aec5b47 for pr-74989
[INFO] extracting crate netinfo 0.5.1 into /workspace/builds/worker-0/source
[INFO] validating manifest of crates.io crate netinfo 0.5.1 on toolchain 72f88fc4e9458f89516a0b8b0868f3718aec5b47
[INFO] running `Command { std: "/workspace/cargo-home/bin/cargo" "+72f88fc4e9458f89516a0b8b0868f3718aec5b47" "read-manifest" "--manifest-path" "Cargo.toml", kill_on_drop: false }`
[INFO] started tweaking crates.io crate netinfo 0.5.1
[INFO] finished tweaking crates.io crate netinfo 0.5.1
[INFO] tweaked toml for crates.io crate netinfo 0.5.1 written to /workspace/builds/worker-0/source/Cargo.toml
[INFO] running `Command { std: "/workspace/cargo-home/bin/cargo" "+72f88fc4e9458f89516a0b8b0868f3718aec5b47" "generate-lockfile" "--manifest-path" "Cargo.toml" "-Zno-index-update", kill_on_drop: false }`
[INFO] running `Command { std: "/workspace/cargo-home/bin/cargo" "+72f88fc4e9458f89516a0b8b0868f3718aec5b47" "fetch" "--locked" "--manifest-path" "Cargo.toml", kill_on_drop: false }`
[INFO] running `Command { std: "docker" "create" "-v" "/var/lib/crater-agent-workspace/builds/worker-0/target:/opt/rustwide/target:rw,Z" "-v" "/var/lib/crater-agent-workspace/builds/worker-0/source:/opt/rustwide/workdir:ro,Z" "-v" "/var/lib/crater-agent-workspace/cargo-home:/opt/rustwide/cargo-home:ro,Z" "-v" "/var/lib/crater-agent-workspace/rustup-home:/opt/rustwide/rustup-home:ro,Z" "-e" "SOURCE_DIR=/opt/rustwide/workdir" "-e" "CARGO_TARGET_DIR=/opt/rustwide/target" "-e" "CARGO_HOME=/opt/rustwide/cargo-home" "-e" "RUSTUP_HOME=/opt/rustwide/rustup-home" "-w" "/opt/rustwide/workdir" "-m" "1610612736" "--user" "0:0" "--network" "none" "rustops/crates-build-env@sha256:d92eaeed33fa75130ca1ee6c8a01d1ffb62bac859dfdfb3450e3e5d1c0146529" "/opt/rustwide/cargo-home/bin/cargo" "+72f88fc4e9458f89516a0b8b0868f3718aec5b47" "metadata" "--no-deps" "--format-version=1", kill_on_drop: false }`
[INFO] [stdout] 03ba6cde8c8e9222e63c94ccd1abc4aaca39885b9aed12c7bf1b8bd55b754b62
[INFO] [stderr] WARNING: Your kernel does not support swap limit capabilities or the cgroup is not mounted. Memory limited without swap.
[INFO] running `Command { std: "docker" "start" "-a" "03ba6cde8c8e9222e63c94ccd1abc4aaca39885b9aed12c7bf1b8bd55b754b62", kill_on_drop: false }`
[INFO] running `Command { std: "docker" "inspect" "03ba6cde8c8e9222e63c94ccd1abc4aaca39885b9aed12c7bf1b8bd55b754b62", kill_on_drop: false }`
[INFO] running `Command { std: "docker" "rm" "-f" "03ba6cde8c8e9222e63c94ccd1abc4aaca39885b9aed12c7bf1b8bd55b754b62", kill_on_drop: false }`
[INFO] [stdout] 03ba6cde8c8e9222e63c94ccd1abc4aaca39885b9aed12c7bf1b8bd55b754b62
[INFO] running `Command { std: "docker" "create" "-v" "/var/lib/crater-agent-workspace/builds/worker-0/target:/opt/rustwide/target:rw,Z" "-v" "/var/lib/crater-agent-workspace/builds/worker-0/source:/opt/rustwide/workdir:ro,Z" "-v" "/var/lib/crater-agent-workspace/cargo-home:/opt/rustwide/cargo-home:ro,Z" "-v" "/var/lib/crater-agent-workspace/rustup-home:/opt/rustwide/rustup-home:ro,Z" "-e" "SOURCE_DIR=/opt/rustwide/workdir" "-e" "CARGO_TARGET_DIR=/opt/rustwide/target" "-e" "CARGO_INCREMENTAL=0" "-e" "RUST_BACKTRACE=full" "-e" "RUSTFLAGS=--cap-lints=forbid" "-e" "CARGO_HOME=/opt/rustwide/cargo-home" "-e" "RUSTUP_HOME=/opt/rustwide/rustup-home" "-w" "/opt/rustwide/workdir" "-m" "1610612736" "--user" "0:0" "--network" "none" "rustops/crates-build-env@sha256:d92eaeed33fa75130ca1ee6c8a01d1ffb62bac859dfdfb3450e3e5d1c0146529" "/opt/rustwide/cargo-home/bin/cargo" "+72f88fc4e9458f89516a0b8b0868f3718aec5b47" "check" "--frozen" "--all" "--all-targets" "--message-format=json", kill_on_drop: false }`
[INFO] [stderr] WARNING: Your kernel does not support swap limit capabilities or the cgroup is not mounted. Memory limited without swap.
[INFO] [stdout] 0cc0eb4a4c232fb216723e6fabb728a9787b455b66fc60e5574d81556763ef74
[INFO] running `Command { std: "docker" "start" "-a" "0cc0eb4a4c232fb216723e6fabb728a9787b455b66fc60e5574d81556763ef74", kill_on_drop: false }`
[INFO] [stderr]    Compiling rustc-serialize v0.3.24
[INFO] [stderr]    Compiling term v0.4.6
[INFO] [stderr]    Compiling unicode-xid v0.0.3
[INFO] [stderr]    Compiling bitflags v0.5.0
[INFO] [stderr]     Checking pnet_base v0.26.0
[INFO] [stderr]     Checking pnet_base v0.21.0
[INFO] [stderr]     Checking ipnetwork v0.12.8
[INFO] [stderr]    Compiling pnet v0.21.0
[INFO] [stderr]    Compiling error-chain v0.12.4
[INFO] [stderr]    Compiling log v0.4.11
[INFO] [stderr]     Checking miniz_oxide v0.4.1
[INFO] [stderr]    Compiling libc v0.2.77
[INFO] [stderr]     Checking pnet_sys v0.21.0
[INFO] [stderr]     Checking pnet_macros_support v0.21.0
[INFO] [stderr]     Checking pnet_datalink v0.21.0
[INFO] [stderr]    Compiling log v0.3.9
[INFO] [stderr]     Checking backtrace v0.3.50
[INFO] [stderr]    Compiling syntex_pos v0.42.0
[INFO] [stderr]    Compiling syntex_errors v0.42.0
[INFO] [stderr]    Compiling syntex_syntax v0.42.0
[INFO] [stderr]    Compiling syntex v0.42.2
[INFO] [stderr]    Compiling pnet_macros v0.26.0
[INFO] [stderr]    Compiling pnet_packet v0.21.0
[INFO] [stdout] error[E0599]: no method named `to_primitive_values` found for struct `MacAddr` in the current scope
[INFO] [stdout]    --> /opt/rustwide/target/debug/build/pnet_packet-d439d22c57e2d81f/out/ethernet.rs:442:24
[INFO] [stdout]     |
[INFO] [stdout] 442 |         let vals = val.to_primitive_values();
[INFO] [stdout]     |                        ^^^^^^^^^^^^^^^^^^^ method not found in `MacAddr`
[INFO] [stdout] 
[INFO] [stdout] 
[INFO] [stdout] error[E0599]: no method named `to_primitive_values` found for struct `MacAddr` in the current scope
[INFO] [stdout]    --> /opt/rustwide/target/debug/build/pnet_packet-d439d22c57e2d81f/out/ethernet.rs:499:24
[INFO] [stdout]     |
[INFO] [stdout] 499 |         let vals = val.to_primitive_values();
[INFO] [stdout]     |                        ^^^^^^^^^^^^^^^^^^^ method not found in `MacAddr`
[INFO] [stdout] 
[INFO] [stdout] 
[INFO] [stdout] error[E0599]: no method named `to_primitive_values` found for struct `MacAddr` in the current scope
[INFO] [stdout]    --> /opt/rustwide/target/debug/build/pnet_packet-d439d22c57e2d81f/out/arp.rs:776:24
[INFO] [stdout]     |
[INFO] [stdout] 776 |         let vals = val.to_primitive_values();
[INFO] [stdout]     |                        ^^^^^^^^^^^^^^^^^^^ method not found in `MacAddr`
[INFO] [stdout] 
[INFO] [stdout] 
[INFO] [stdout] error[E0599]: no method named `to_primitive_values` found for struct `MacAddr` in the current scope
[INFO] [stdout]    --> /opt/rustwide/target/debug/build/pnet_packet-d439d22c57e2d81f/out/arp.rs:874:24
[INFO] [stdout]     |
[INFO] [stdout] 874 |         let vals = val.to_primitive_values();
[INFO] [stdout]     |                        ^^^^^^^^^^^^^^^^^^^ method not found in `MacAddr`
[INFO] [stdout] 
[INFO] [stdout] 
[INFO] [stdout] error: aborting due to 4 previous errors
[INFO] [stdout] 
[INFO] [stdout] 
[INFO] [stdout] For more information about this error, try `rustc --explain E0599`.
[INFO] [stdout] 
[INFO] [stderr] error: could not compile `pnet_packet`.
[INFO] [stderr] 
[INFO] [stderr] To learn more, run the command again with --verbose.
[INFO] running `Command { std: "docker" "inspect" "0cc0eb4a4c232fb216723e6fabb728a9787b455b66fc60e5574d81556763ef74", kill_on_drop: false }`
[INFO] running `Command { std: "docker" "rm" "-f" "0cc0eb4a4c232fb216723e6fabb728a9787b455b66fc60e5574d81556763ef74", kill_on_drop: false }`
[INFO] [stdout] 0cc0eb4a4c232fb216723e6fabb728a9787b455b66fc60e5574d81556763ef74
